{"id":2,"date":"2024-09-21T11:32:22","date_gmt":"2024-09-21T11:32:22","guid":{"rendered":"https:\/\/znat.books.fmf.uni-lj.si\/?page_id=2"},"modified":"2024-10-10T08:41:02","modified_gmt":"2024-10-10T08:41:02","slug":"sample-page","status":"publish","type":"page","link":"https:\/\/znat.books.fmf.uni-lj.si\/?page_id=2","title":{"rendered":"O zbirki"},"content":{"rendered":"\n<p class=\"has-large-font-size\"><\/p>\n\n\n\n<p>Zbirka prina\u0161a re\u0161ene naloge s srednje\u0161olskih tekmovanj iz astronomije med leti 2009 in 2024. Zajemajo naloge s \u0161olskih, dr\u017eavnih in izbirnih tekmovanj iz astronomije.<\/p>\n\n\n\n<p>Poleg ve\u010d kot <strong>230 re\u0161enih nalog<\/strong> s \u0161olskih, z dr\u017eavnih in izbirnih tekmovanj za srednje \u0161ole prina\u0161a zbirka tudi <strong>povzetke teorije<\/strong>, ki bodo v pomo\u010d tekmovalkam in tekmovalcem pri pripravi na astronomska tekmovanja. &nbsp;Zbirko bogati ve\u010d kot <strong>140 skic in fotografij<\/strong>, ki bralkam in bralcem pomagajo pri razumevanju vsebine.<\/p>\n\n\n\n<p>Zbirka je razdeljena na \u0161est tematskih sklopov:<strong> osnove astronomije<\/strong>, <strong>nebesna mehanika<\/strong>, <strong>svetloba in sevanje<\/strong>, <strong>zvezde in zvezdni sistemi<\/strong>, <strong>kozmologija<\/strong> in <strong>optika<\/strong>. Vsak tematski sklop se za\u010dne s povzetkom teoreti\u010dnih vsebin, vse od temeljnih pa do zahtevnej\u0161ih konceptov. Sledi izbor nalog, ki se navezujejo na obravnavano tematiko. Urejene so po te\u017eavnosti, hkrati pa je vsaka naloga opremljena tudi z oznako letnice in ravni tekmovanja. Poleg tega zbirka zajema tudi sklope <strong>koristne matemati\u010dne zveze<\/strong>, <strong>obdelava podatkov<\/strong> in <strong>vrtljiva zvezdna karta<\/strong>.<\/p>\n\n\n\n<p>Zbirka predstavlja prvo tovrstno gradivo pri nas, zato je nepogre\u0161ljiv pripomo\u010dek za mlade astronomke in astronome, ki si \u017eelijo bolj\u0161ega razumevanja in bolj poglobljenega stika z astronomijo. Hkrati pa lahko slu\u017ei kot odli\u010den pripomo\u010dek pripravo na \u0161olska, dr\u017eavna in izbirna tekmovanja iz astronomije \u2013 tako za dijakinje in dijake kot tudi njihove mentorice in mentorje. V veliko pomo\u010d pa bo tudi \u0161tudentkam in \u0161tudentom, ki se astronomiji posve\u010dajo v okviru univerzitetnega \u0161tudija na prvi stopnji.<\/p>\n\n\n\n<p><\/p>\n\n\n\n<p><\/p>\n","protected":false},"excerpt":{"rendered":"<p>Zbirka prina\u0161a re\u0161ene naloge s srednje\u0161olskih tekmovanj iz astronomije med leti 2009 in 2024. Zajemajo naloge s \u0161olskih, dr\u017eavnih in izbirnih tekmovanj iz astronomije. Poleg ve\u010d kot 230 re\u0161enih nalog s \u0161olskih, z dr\u017eavnih in izbirnih tekmovanj za srednje \u0161ole prina\u0161a zbirka tudi povzetke teorije, ki bodo v pomo\u010d tekmovalkam in tekmovalcem pri pripravi na [&hellip;]<\/p>\n","protected":false},"author":1,"featured_media":0,"parent":0,"menu_order":0,"comment_status":"closed","ping_status":"open","template":"","meta":{"footnotes":""},"class_list":["post-2","page","type-page","status-publish","hentry"],"_links":{"self":[{"href":"https:\/\/znat.books.fmf.uni-lj.si\/index.php?rest_route=\/wp\/v2\/pages\/2","targetHints":{"allow":["GET"]}}],"collection":[{"href":"https:\/\/znat.books.fmf.uni-lj.si\/index.php?rest_route=\/wp\/v2\/pages"}],"about":[{"href":"https:\/\/znat.books.fmf.uni-lj.si\/index.php?rest_route=\/wp\/v2\/types\/page"}],"author":[{"embeddable":true,"href":"https:\/\/znat.books.fmf.uni-lj.si\/index.php?rest_route=\/wp\/v2\/users\/1"}],"replies":[{"embeddable":true,"href":"https:\/\/znat.books.fmf.uni-lj.si\/index.php?rest_route=%2Fwp%2Fv2%2Fcomments&post=2"}],"version-history":[{"count":6,"href":"https:\/\/znat.books.fmf.uni-lj.si\/index.php?rest_route=\/wp\/v2\/pages\/2\/revisions"}],"predecessor-version":[{"id":27,"href":"https:\/\/znat.books.fmf.uni-lj.si\/index.php?rest_route=\/wp\/v2\/pages\/2\/revisions\/27"}],"wp:attachment":[{"href":"https:\/\/znat.books.fmf.uni-lj.si\/index.php?rest_route=%2Fwp%2Fv2%2Fmedia&parent=2"}],"curies":[{"name":"wp","href":"https:\/\/api.w.org\/{rel}","templated":true}]}}